 + -54 - -58)?
-40
Calculate -22 + 78 + -8 + (32 - 2).
78
What is the value of 6 + -19 + (-7 - 7 - -18) - (-3 - -3)?
-9
What is 528 - 517 - ((8 - 7) + (-8 - 2))?
20
What is the value of 1 - (-12 + -58 + (-2 - 0) + 11 + -3)?
65
-51 - (48 - 67) - -37
5
Evaluate 5 + (16 + 24 + -4 - (-1 + 6)).
36
What is the value of 6 + 1 + -3 + (-6 - (-3 - 0) - -27)?
28
(3 - 8) + -42 + 2 + -3 + 14
-34
Evaluate (2 - (4 + 0)) + (-18 + -42 - -44).
-18
Evaluate 9 - (-12 - -8) - (-13 - -8 - -48).
-30
Evaluate 59 - 47 - (-6 + (3 - -60) + 6).
-51
Calculate -48 + 70 + (-3 - (6 - 5)).
18
9 - (-5 + -15 - -29) - 32
-32
16 + (13 - 13 - 29) - (-89 - 2)
78
What is the value of (17 - 23) + (-16 + -37 - -71)?
12
Calculate -27 + (51 - (-18 + 25 - 12)).
29
Calculate 241 + 3 + 130 + -258.
116
Evaluate (-17 - -7) + (12 + 0 - 14).
-12
What is the value of 17 + -32 - (9 + (-11 - 11))?
-2
Calculate (46 - 1) + -35 + (16 + 25 - 8).
43
What is the value of (36 - -7 - 5) + (3 - -4) + (-3 - 1)?
41
What is the value of 4 + 14 + -3 - ((-11 - (22 + -4)) + -26)?
70
What is the value of 33 + (23 - -9) + -13 + 65?
117
What is the value of 56 + (-185 - -94) + 65?
30
Evaluate -4 + 78 + -3 - (1502 - 1505).
74
What is the value of -10 + (0 - -8) + -11 + 2 + 42?
31
Calculate (-5 - -11) + (3 - -3) - -3 - 8 - -6.
13
Evaluate -2 + 12 + -50 + 50 - 3 - 44.
-37
What is 28 + 50 + -89 - -77?
66
Calculate 112 - ((38 - 8) + -17 + (0 - 25)) - 10.
114
Calculate (3 - -3 - 3) + 34 + -13 + 37 + -21.
40
What is -6 - (2 - (1 + -49 + 107 + -114) - -3)?
-66
What is 28 + (38 + 15 - -16)?
97
Calculate (57 - (-33 - 29 - -37)) + -10.
72
Calculate 15 + (4 - -1) + -39 + (29 - -22).
32
(1 + -1 + -11 - (111 + -73)) + (4 - 4)
-49
Calculate (-15 - -7) + (-53 - 4 - (-7 + 1)) + 16.
-43
What is -30 - -16 - (76 - 91)?
1
Calculate 1 - 24 - (-68 + 35 - -31 - (-1 + -15)).
-37
What is -18 + (2 - 0) - (-132 + -31 - -166)?
-19
Calculate -178 - (-67 + -16) - (-1 - 13 - -1) - -14.
-68
What is -40 - 6 - (-16 + -6 + 2 + 10 + 1)?
-37
What is the value of -12 - (17 - ((7 + 5 - 6) + -10))?
-33
What is the value of -1 - (-4 + 35) - (40 + -13)?
-59
Calculate -5 - (-6 + (-10 - -22 - 5)).
-6
(-27 - (130 + -103)) + (0 - 14) + -23
-91
What is the value of -78 + (99 - (-24 - -70))?
-25
What is -112 - (28 - 293 - -82)?
71
31 - (-103 + -3 + 117)
20
What is the value of 6 - (-3 + 38 + 11) - (3 + -1 + -9)?
-33
-45 - ((83 - 37) + -10)
-81
Calculate 8 + -16 + 11 + -4 + -4 + 6 + 29.
30
(-28 - (-42 - -78 - 68)) + 1 + 31
36
What is the value of (-178 - (198 + -344)) + (2 - 1 - 4 - 1)?
-36
Calculate -15 - (-6 + (-13 - (5 + -3 - 10))) - -13.
9
Evaluate (27 + -2 - (683 + -671)) + 0.
13
Calculate -20 - ((-76 - -8) + (-9 - 8)).
65
Evaluate 4 - (23 + (6 - 3)) - (-754 + 742).
-10
Calculate 21 - (-8 - (-4 - (-16 + 10))).
31
What is the value of 2473 + -2470 + (-1 + 1 - 2) + -9?
-8
Evaluate -6 + -13 + (16 - (-16 + 16)).
-3
Calculate (1 - (-5 - (-2 + -11))) + -481 + 492.
4
Evaluate (-1 - -31) + (-1404 - -1418) - (7 - 1).
38
What is -11 + 11 + -7 + (-5 - (6 + (11 - -6)))?
-35
What is the value of (30 - (42 - 20) - 12) + (-36 - 1)?
-41
What is the value of -9 + 3 + (19 + -10 - (-8 + 3))?
8
((16 - 6) + -9 + -9 + 13 - -2) + 3
10
Evaluate 28 - (122 - 9) - -87.
2
Calculate (-19 - -22) + 3 + 0 + -3 + 8 + -27.
-16
What is the value of -31 - (14 - (-2 + (-17 - -16)))?
-48
Evaluate -16 + -2 + 2 + 26 + -58 + 32.
-16
Calculate 0 + 13 - -47 - 14 - (3 - 0).
43
(-33 + -4 - -67) + 97 + -37
90
Calculate 26 + -2 + -3476 + 3399.
-53
(-37 - 72 - 7) + 175
59
Evaluate (1 - -10 - (-54 - -69)) + (8 + -6 - 28).
-30
What is the value of 835 + -823 + (-4 - -1 - -12)?
21
Evaluate -9258 + 9227 + 0 + (0 - 0).
-31
What is the value of -13 - -79 - (-18 - -12 - -47)?
25
Evaluate 1 - -3 - (-26 + (20 - (8 - 0)) + -71).
89
-8 - ((-105 - (1 + -7)) + -10 - (14 - 3))
112
What is 57 - (12 + 32 - -23)?
-10
Calculate -34 + (-20 - (-5 - 12 - -12)) + 3.
-46
What is (-63 - 1) + (-2474 - -2542)?
4
What is -5 + -26 + 20 + -33?
-44
(58 + -3 - 58) + 0 + (-15 - -3)
-15
-112 - (7 + -1 + (51 + -89 - -14) - -10)
-104
Calculate -103 - (-78 + 147 - 87).
-85
Calculate -2 + -3 + -5 + (19 - 7) + 12 + 50.
64
What is the value of -70 + -1 + (-597 - -636)?
-32
-608 + 742 + (0 - 0) + -22
112
Calculate 0 + (-3 - -2) - (-392 - -363).
28
What is the value of 5 + (39 - 1 - (-446 + 464))?
25
Calculate 20 + -11 - ((18 - (-6 + 159)) + -9 + 23).
130
24 + (28 - (-24 - -77))
-1
Evaluate -10 + 1 + (-309 - -306).
-12
What is the value of -18 + (-58 - (-142 + 23))?
43
Calculate -439 + 562 + 23 + -7.
139
(11 - 10) + (13 - (7 + 1) - -4) + -2
8
Calculate 55 - (36 - 60 - -50).
29
Calculate 179 + -171 + (0 - (-39 - 2)).
49
-46 + -5 + (-21 - (-10 + -12 + 10))
-60
What is 1 + 8 + (9 - -10) - (240 + -252)?
40
-46 + -79 + 35 + 34
-56
What is the value of 4 + (14 - (-7 + 27 + 70))?
-72
What is the value of -7 - ((-6 - (-15 - -14)) + (0 - -5 - 0))?
-7
Evaluate (145 + -71 - -58) + -68.
64
-182 + 226 + -38 - (2 - 2 - 1)
7
Evaluate -19 - (104 + -91 + 5 + -7 + -18).
-12
Calculate 14 + (9 - (-283 - -269 - (1 + 23))).
61
What is the value of -12 + 7 + (26 - -1 - 17)?
5
Calculate (6 - 5) + (51 - 18 - 8) - (-8 - -1).
33
What is the value of 2 + (-175 - -158) + (0 - -12) + (1 - 3)?
-5
What is -72 - (-45 - 9) - -49?
31
Calculate 2 + 19 + (2 - (26 - (4 + 6))) + 5.
12
6 + -27 + (14 - 14 - -17) - -18
14
-57 + 25 + 79 - 40
7
7 + 34 + 23 + -45 + 43
62
Evaluate 80 - 0 - (193 + -211 - (-24 + -4)).
70
Calculate (-2 - 2 - 1) + -359 + 368 - (84 - 1).
-79
What is the value of -75 + 74 - (-26 + 5 + 1)?
19
Calculate 8 - (-1 + 19 + -23 + 14 + -2).
1
-89 - -136 - (4 - -11 - -1)
31
(1600 - 1510 - (4 - (-17 - -1))) + (0 - -8)
78
What is the value of (-11 - (-17 - (52 + -40))) + 0 + -46?
-28
Evaluate -28 - ((67 - 104) + -11).
20
(-3 - 0 - (3 - -1)) + 88 + -88 - 12
-19
-3 + 1 + 62 + -58 - 11 - (3 + 24)
-36
Calculate -24 + 114 + (-2 - -1 - 14).
75
Evaluate -95 - (25 + 7 + -132).
5
Calculate (-14 - (1 - 27)) + 9.
21
What is (-83 - (21 + -69)) + 71?
36
Calculate 30 + -2 + (48 + -139 - 30).
-93
What is -5 - (24 - (8 - 11))?
-32
Calculate (-2 - 1) + (31 + (-10 - -43) - -9).
70
Calculate -2 + (-42 + (-2 - -5) - (16 + -30 + 11)).
-38
Evaluate -19 + (-5 - 1 - -13) + -2 + -34.
-48
(-112 - (39 - 46)) + 78 + -35
-62
Evaluate (147 + -101 - 63) + -11 + 1.
-27
What is -2 + 7 + 669 + -622?
52
Calculate -253 - (-69 + -134 + 53).
-103
(-1917 - -1919) + -3 + 7 + 74
80
Evaluate (-45 - -94) + 26 + -20.
55
What is 72 + -50 - (109 + 0) - 45?
-132
Evaluate 104 + (-32 - (-31 - -46)).
57
What is 3 - (118 + -2) - (-4892 + 4892)?
-113
What is -61 + 88 + (-12 - (8 + 75))?
-68
73 + (-75 - -32) - (1 + -1 + 5 - 3)
28
101 + -3 + 1 - (713 + -713)
99
Calculate -8 + (1123 - 1064) + (22 - -1).
74
Evaluate -17 + (-13 - (-10 + 13 - 13)) + -110.
-130
What is -14 + (-46 - -9) - (-1 + 9 + -4)?
-55
Calculate 1 + 1 - ((-22 - (-60 - 140)) + -63).
-113
Evaluate -48 + (-42 - -74) - (2 + -14).
-4
What is the value of -65 + 99 + -36 + -16?
-18
Evaluate (-57 - 19 - -43) + 8.
-25
Calculate (1 - (-2 + 3)) + (-15 - -5) + 3 + -10.
-17
-11 - ((4 - (15 - 11)) + 1 + 38)
-50
Evaluate -19 + -3 - ((44 - -29) + -46).
-49
Calculate -56 + 71 + -56 - -80.
39
Calculate 18 + (-15 - (-9 - (-13 - -14))) - 90.
-77
What is the value of ((-26 - -40) + -39 - -6) + -2?
-21
Evaluate 1 - (-4 + (-1 - -2) + -2 - (-1166 + 1101)).
-59
Evaluate 2 + 4 + -101 + 4 + 3 + 10.
-78
Calculate -42 + -87 + 32 + 65.
-32
What is -5 + 47 + -13 + 23 + -1 - -11?
62
What is the value of 19 + -26 + 7 + 11 + 6 + -26?
-9
Evaluate 104 + (-200 - -48 - -5).
-43
Calculate 1 - ((-3 - -3) + 2 - -2) - (-1597 + 1559).
35
Evaluate -19 - ((37 - 18 - 1) + -31).
-6
-140 + 232 + (-2 - 16) + 5
79
What is 20 - ((127 - 3) + (17 + 22 - 58))?
-85
What is the value of -9 + -1 - (-2992 - -2981)?
1
Evaluate -8 - (15 - (5 - -11)) - 18.
-25
Calculate 13 + 3 - (-434 - -429).
21
What is -5 + (-7 - -19) + (6 - (-7 + 9))?
11
Evaluate -78 + 9 + (-37 + 30 - (-2 + 0)) + 1.
-73
(-39 - -34) + (-57 - -21)
-41
Calculate -16 - (-9 + (-30 - 3)) - (1 - -12).
13
What is the value of (-2 - 1) + -47 + 57 + -77 + 34?
-36
What is 54 + -110 - (352 - 295)?
-113
Evaluate -3 + 18 - (-554 + 683 + (1 - (2 - 14))).
-127
What is the value of -19 + (15 - 60) - -7?
-57
What is -3 - -6 - ((7 - 1) + 15 + -1 + 0)?
-17
Calculate 